t is the remainder when y is divided by 58?
55
Let p be (-6)/4*(-8)/3. Suppose 4*m + t = 61, -t + 95 = 5*m + p*t. Calculate the remainder when 37 is divided by m.
9
Let k be (-11)/((-220)/24)*-15. Let i = 1 - k. Calculate the remainder when 55 is divided by i.
17
Let q = -1160 - -771. Let a = q + 579. Calculate the remainder when a is divided by 16.
14
Suppose 3*t - 751 = -0*v - 4*v, v = -t + 189. What is the remainder when v is divided by 42?
16
Let a(g) = 15*g**2 - 48*g - 150. What is the remainder when 899 is divided by a(-3)?
125
Suppose 4*q - 2*s - 924 = 0, -4*q + 5*s = -962 + 50. What is the remainder when q is divided by 60?
53
Let v(t) = 2*t**2 - 6*t + 17. Let k be (-20)/((6/1)/(-3)) - 3. What is the remainder when v(k) is divided by 25?
23
Suppose 150*r - 8090 = 140*r. Calculate the remainder when r is divided by 29.
26
Let r(z) = 8*z**2 - 7*z - 6. What is the remainder when 138 is divided by r(3)?
3
Let t be 54/(-6)*46/3. Let z = t + 197. Suppose 4*m - 3*m = 15. What is the remainder when z is divided by m?
14
Suppose -14*z - 254 = 1468. Let k = z - -150. Let v(m) = -6*m**3 + m**2 + 1. What is the remainder when v(-2) is divided by k?
26
Let o = 7 - 40. Let a = o - -147. What is the remainder when a is divided by 29?
27
Suppose 80 = 5*z + 4*o, -5*z - 15*o = -14*o - 95. What is the remainder when 77 is divided by z?
17
Suppose -y = -3*p + 461, 0*p + 149 = p - 5*y. Calculate the remainder when p is divided by 52.
50
Let z = -3 - -24. Let m(x) = 32*x + 363. Calculate the remainder when z is divided by m(-11).
10
Let g(l) = 58*l - 8. Let q(m) = -m**3 + 4*m**2 + m + 1. What is the remainder when g(1) is divided by q(3)?
11
Suppose 87*m = -40122 + 134604. Calculate the remainder when m is divided by 68.
66
Suppose -97 = -4*j + j + 5*i, 2*j + 2*i = 70. Calculate the remainder when 163 is divided by j.
27
Let y(x) = -x**3 + 2*x**2 - 2*x + 1. Let p be y(1). Let m be (-1 + p)*10/(-5). Let w = m - -16. What is the remainder when 33 is divided by w?
15
Let x(w) = w**3 - 9*w**2 + 18*w - 65. Suppose -3*t + 174 = -3*l, 5*t - 2*l = l + 290. Calculate the remainder when t is divided by x(8).
13
Let m(p) = -11*p - p**2 + 0*p**2 + 0*p**2 - 9. Let d be m(-8). Suppose d = 2*i - 4*y - 5, -3*y - 18 = -3*i. What is the remainder when 2 is divided by i?
0
Suppose 5 = -5*p, -2*p = 3*t - 0*p + 5. What is the remainder when 24 is divided by 1*-14*((-12)/8 - t)?
3
Let k be (-1620)/84 - (-4)/14. Let c = k - -4. What is the remainder when 29 is divided by (5 - 3)/((-2)/c)?
14
Let l = -1514 - -1531. Suppose -3*c = 93 - 342. Calculate the remainder when c is divided by l.
15
What is the remainder when 0 - (-30)/4 - 69/46 is divided by 3?
0
Let c = 63 - 45. Suppose 4*f + 2 = c. Suppose 6*n - n = -10, 0 = f*z - n - 22. What is the remainder when 14 is divided by z?
4
What is the remainder when (387/12 + -1)*(-23 + 35) is divided by 10?
5
Let q(t) = -t**3 - 14*t**2 + t + 18. Let g be q(-14). Suppose -12 = -g*a, 30 = n - a - 131. Calculate the remainder when n is divided by 43.
35
Let q be ((-2)/4 - -1)/((-5)/(-150)). Suppose -30 = -q*h + 9*h. What is the remainder when 17 is divided by h?
2
Let y(a) = 121*a - 7. Calculate the remainder when y(1) is divided by 15.
9
Let w(h) = -151*h - 73. What is the remainder when w(-2) is divided by 29?
26
Let o(i) = i**3 + 13*i**2 + 23*i + 32. Calculate the remainder when 26 is divided by o(-11).
5
Suppose 56 - 86 = -d. Suppose -3*f + 5 + 7 = 0. Calculate the remainder when d is divided by f.
2
Suppose -5*r - 585 = -10*b + 8*b, -4*b = 5*r - 1185. Calculate the remainder when b is divided by 138.
19
Let h = 17 - -7. Let f(w) = -14*w**2 + 16*w + 16. Let j(c) = -5*c**2 + 5*c + 5. Let o(d) = 4*f(d) - 11*j(d). Calculate the remainder when h is divided by o(9).
6
Suppose 2*v = 2*j - 38, -4*j = -j - 6. Let m = v - -50. Suppose -y + 24 = 3*f, -5*y + f = 6*f - 70. What is the remainder when m is divided by y?
6
Suppose 0 = -3*w - 4*t + 382 + 43, 0 = -4*w + 5*t + 608. Calculate the remainder when w is divided by 15.
12
Let u be 2/(-6)*-1*-15. Let g = -3 - u. What is the remainder when 6 is divided by g?
0
Let z(n) = 3*n + 29. Let x(r) = -17*r**3 - 3*r - 2. Let j be x(-1). What is the remainder when z(j) is divided by 14?
13
Suppose 0 = -2*x + 5*j - 16, -2*x - 8 = -2*j - 4. Suppose 107 = x*f + 3*v, 6*f + 5*v = 2*f + 215. Calculate the remainder when f is divided by 28.
27
Suppose -2*r - 12 + 3 = m, 24 = -2*r - 4*m. Let w(o) = -2*o**3 - 3*o - 1. What is the remainder when 62/(-3)*(r - 1) is divided by w(-2)?
20
Suppose 5*m - 246 = -v - 3*v, -4*m + 195 = 5*v. Calculate the remainder when 149 is divided by m.
49
Suppose 3*z = 12 + 3. Suppose 3*o = 2*t - z, -5*t + 4*t = 4*o - 8. What is the remainder when 10 is divided by t?
2
Let y(c) = 2*c**2 + 28*c + 5. Let o be y(-14). Suppose o*s = -2*p + 36, 2*p + 2*p - 124 = 3*s. Calculate the remainder when p is divided by 10.
8
Let l(v) = 2*v**2 - 19*v - 22. What is the remainder when l(16) is divided by (2 + -1)/(2/94)?
45
Suppose 125 = 2*y + 4*o - 211, 0 = y - o - 174. Calculate the remainder when y is divided by 62.
48
Let r = -203 + 214. Calculate the remainder when 27 + ((-3)/1)/(-1) is divided by r.
8
Let y be 2 - (-3 - (0 + -3)). Suppose 22 = w + 2*l, -2*w - y*w - 5*l = -94. What is the remainder when w is divided by 1/(-1)*(-63)/9?
5
Suppose -5*i - 375 = -2*v - 3*v, -4*v = i - 305. Calculate the remainder when v is divided by 47.
29
Let u(z) = 10*z**2 - 4. Let g(t) = -3*t**2 + 1. Let a(n) = 17*g(n) + 6*u(n). What is the remainder when a(-3) is divided by 19?
17
Calculate the remainder when 3 - (0 + 11)*-1 is divided by 9.
5
Suppose -88 = -4*n - 40. Suppose n*x + 145 = 17*x. Calculate the remainder when x is divided by -1 + 1 + 10 + -2.
5
Let q(j) = -j. Let u be q(4). Let g = 9 + u. Suppose d = g*d - 20. Calculate the remainder when 8 is divided by d.
3
Let a = -36 + 34. Let m = 9 - a. What is the remainder when 19 is divided by m?
8
Suppose -30 = -h + 5. What is the remainder when 3086/30 - (-2)/(-45)*-3 is divided by h?
33
Suppose -3*b + 3 = 0, 2*q = b - 0*b + 135. Let t be 4/(-6) - q/(-12). Let c(n) = n**3 - 5*n**2 + 3*n + 7. What is the remainder when c(t) is divided by 12?
10
Let w = 53 - 3. Suppose -8*r = -9*r + w. What is the remainder when (4 + r/(-15))*3 is divided by 1?
0
Let t(a) = a. Let h(s) = -s**2 - 12*s. Let b be h(-9). Let m = b + -26. Calculate the remainder when t(2) is divided by m.
0
Suppose 0 = 2*r - 2*l - 482, 5*l + 715 = -r + 4*r. What is the remainder when r is divided by 42?
35
Let y be 4/(-6) + (-77)/33 - -8. Suppose -y*m = -5*d - 725, 0*d - 5*d + 121 = m. Calculate the remainder when m is divided by 13.
11
Suppose 15 = 4*g - 9. Suppose -g*i = -i - 110. Suppose i = 5*d - 3*d. Calculate the remainder when 42 is divided by d.
9
Suppose 0 = -25*p - 23 + 448. Calculate the remainder when 475 is divided by p.
16
Let c(v) = -v**2 - 3*v + 6. Let p = 3 + -10. Let s = p - -13. What is the remainder when s is divided by c(-4)?
0
Let u(j) = 9*j. Let v(k) = 2*k + 24. Let z be v(-11). Calculate the remainder when 51 is divided by u(z).
15
Let x(m) be the third derivative of -m**5/60 + m**4/24 + 13*m**3/6 + 2*m**2 + 5*m. Let h = 5 + 20. Calculate the remainder when h is divided by x(0).
12
Let j be ((-6)/(-3)*-15 - -1)*1. Let f = 46 + j. What is the remainder when f is divided by 4?
1
Let v(c) = 3*c**2 - 36*c + 76. What is the remainder when 16 is divided by v(2)?
0
Let a(d) = -22*d. Let g be a(-1). Calculate the remainder when 47 is divided by -24*(g/(-6) + 3).
15
Let x(m) = -m**3 - 34*m**2 - 241*m + 8. Let d = -26 + 38. What is the remainder when x(-24) is divided by d?
8
Suppose -b + 3*v = b - 8, -3*b = 3*v - 12. Suppose 31 = b*g - 1. Calculate the remainder when 15 is divided by g.
7
Let r(x) = -x**2 - 19*x + 25. Let i be r(-20). Suppose 29 - i = 4*s. Calculate the remainder when 15 is divided by s.
3
Let g(m) = -9*m**2 + 14 + 11*m**2 + 6*m + 7. Let l(o) = o**3 - 8*o**2 + 9*o - 3. Calculate the remainder when g(-5) is divided by l(7).
8
Let w = -245 + 291. Calculate the remainder when 165 is divided by w.
27
Let v(b) = -337*b**3 + b. Let q be v(-1). Let j be (16 - 11)*4/2. Calculate the remainder when 66 is divided by 4/j - q/(-10).
32
Let m(x) = -2*x - 45. Calculate the remai